/2)/(1/(-30)). What is the greatest common divisor of x and m?
15
Let j = -5 + 2. Let n = 2 - j. Suppose 4*x = n - 1. What is the highest common factor of x and 1?
1
Let g = -59 + 92. Suppose 2 = 2*i - 2. Suppose 32 - 76 = -i*a. Calculate the greatest common divisor of a and g.
11
Let i = 343 + -183. What is the highest common divisor of 32 and i?
32
Suppose 2*m - 3*m = 3*i + 17, -2*m - 10 = -2*i. Let v = m + 12. Suppose -v*j + 36 = -0*j. Calculate the greatest common divisor of j and 45.
9
Let u = -60 + 73. Calculate the greatest common divisor of u and 52.
13
Let k be 0 + -8 - (2 - 0). Let l be (k/(-1))/2 - -1. Let b be 228/8 + (-3)/(-2). What is the highest common factor of b and l?
6
Suppose -25 = 5*a, 0 = 2*c + 2*a + 8 + 72. Let v(y) = -2*y**3 + y. Let k be v(-1). Let j be 0 + 2 - k - c. Calculate the highest common factor of j and 12.
12
Let h(a) = -6*a**2 - 30*a + 24. Let r(o) = o**2 + 6*o - 5. Let k(c) = -3*h(c) - 16*r(c). Let m be k(6). What is the highest common divisor of m and 11?
11
Suppose 0 = s, i + 4*s - 1 - 8 = 0. Suppose 0*t = -5*t + 210. Suppose -5*c = 3*q - t, 3*q + 2*q - c - 42 = 0. What is the highest common factor of i and q?
9
Suppose -5*v - f + 95 = 0, -3*v + 5*v - 4*f = 60. What is the greatest common factor of 8 and v?
4
Let v = 95 - 61. Suppose -5*i - 8 = a - v, -i + 4 = 0. What is the highest common factor of 42 and a?
6
Let v(o) = -31*o + 6. Let i be v(-6). Let u = i + -65. Let y = -76 + u. Calculate the greatest common factor of y and 17.
17
Let a be 1 + 1/(-1) + -2. Let g be (57/(-15) - a)*-5. What is the greatest common factor of 18 and g?
9
Let k(g) = -2*g - 13. Let h be k(-12). Calculate the greatest common factor of h and 99.
11
Let t = 36 - 26. What is the greatest common factor of 100 and t?
10
Let f = 21 - 18. Suppose 0 = -f*d + 331 - 7. What is the highest common factor of 18 and d?
18
Let q = 53 - 38. Calculate the highest common divisor of q and 15.
15
Suppose -2*b + 114 = -348. Let q(w) = -4*w + 5. Let k be q(-4). Calculate the highest common factor of b and k.
21
Suppose -5*f + 227 = -378. Let k = -17 + 28. Calculate the greatest common divisor of k and f.
11
Let k be -3 + 1 + 3/3. Let u = k - -11. Suppose 0 = -4*g + 2*g + 3*y + 229, 3*g - 4*y - 342 = 0. Calculate the greatest common factor of g and u.
10
Suppose 4*o - 4 = -2*i, 2 = 4*i + 2*o - 12. Suppose -4*a + 54 = -10. Calculate the greatest common divisor of i and a.
4
Suppose -126 = -3*c + 54. Let w = -21 + 45. What is the highest common divisor of w and c?
12
Let d = -2 + 6. Let m be d - 8/(0 - -4). What is the highest common divisor of 5 and m?
1
Suppose -8 = -g - 3*g. Let t be 86/8 - g/(-8). Let q be (-2)/(((-2)/t)/1). Calculate the highest common divisor of 99 and q.
11
Let h(n) = 3*n**2 - 4*n + 6. Let g be h(-6). Calculate the highest common factor of 46 and g.
46
Let r be (-1)/(9/5 + -2). Suppose r*u = -7 + 32. Suppose -u*q = 3*k - 56, -53 + 11 = -5*q + 4*k. Calculate the highest common divisor of 20 and q.
10
Let d(o) = -o**3 - 6*o**2 + 2*o + 8. Let a be d(-6). Let b(h) = -5*h**3 - 5*h**2 + 3*h + 6. Let u be b(a). What is the greatest common divisor of u and 26?
26
Suppose 54 - 10 = r. Let s be (r/8)/(2/32). Suppose -4*m = -3*j + 23 - s, 2*j = 4*m - 62. What is the greatest common divisor of 14 and m?
14
Let s = 70 - 50. What is the highest common divisor of s and 180?
20
Suppose 0 = -4*q + 12, 4*m + q = -2*q + 373. What is the greatest common divisor of m and 13?
13
Suppose n = -4*g + 2, -7*n + 3*n = -8. Suppose 4*l - 12 = -g. Suppose 16 = 2*r + 10. Calculate the greatest common factor of r and l.
3
Suppose 4*o = 4*d - 20, -4*d - 3*o = d - 9. What is the highest common factor of d and 2?
1
Let p(i) = 13*i - 13. Let c be p(3). What is the greatest common factor of 2 and c?
2
Let x = -169 + 177. What is the greatest common divisor of 88 and x?
8
Let o(t) = 38*t - 5. Let v be o(5). Let c = -405 + 276. Let i = c + v. What is the highest common divisor of i and 7?
7
Suppose 0*f + 396 = 2*f - 5*s, 4*f - 2*s = 792. Calculate the highest common divisor of 22 and f.
22
Suppose 7 = -f + 47. Suppose -2 - f = -3*p. Let s be -2 + 0 + 3 - -41. What is the greatest common factor of s and p?
14
Let r = 11 + -8. Suppose 0*x - 30 = -r*x. Let n be ((-18)/x)/((-1)/5). Calculate the highest common factor of 27 and n.
9
Suppose 0 = -3*l - 3*d + 1590, -l + 2*l = -3*d + 534. Calculate the highest common divisor of 48 and l.
48
Suppose k = -5*u + 3*k + 11, 0 = 5*u - 5*k - 5. Let a = u + 5. What is the highest common factor of 8 and a?
8
Suppose 75 = -n + 6*n. Suppose -4*o = z - 25, 3*o + 2 = -13. Calculate the greatest common factor of z and n.
15
Suppose 2*w = 251 + 71. Let q be -4*(2 - (-31)/(-4)). What is the highest common factor of q and w?
23
Let o(w) = 17*w**2 + 1. Let s be o(-1). Calculate the highest common divisor of 90 and s.
18
Let v(h) = 3*h - 9. Let l be v(7). Let g be (0 - -6)/((-2)/(-32)). Let c be (1 - 0)*g/2. What is the highest common divisor of l and c?
12
Let i be 0/((-4 + 1)/3). Suppose -4*s + 21 = -i*s - 5*g, 3*g = 4*s - 19. What is the highest common divisor of 36 and s?
4
Suppose 2*m = -4*c - m + 56, -2*m - 42 = -3*c. Let p(l) = 3*l**3 - 2*l**2 + 2*l + 1. Let t be p(3). What is the highest common divisor of t and c?
14
Let a = 3 - 4. Let g be 6/(-3) + 22 + a. Calculate the highest common divisor of g and 19.
19
Suppose -5*o + 665 = 4*r, -5*o + o - 5*r + 532 = 0. Calculate the highest common factor of o and 19.
19
Suppose 0*c = r + 2*c, -3*r = 5*c. Suppose -2 = -r*f - f. Suppose -4*j - 46 = -d, -d + f*j + 24 = -24. What is the highest common factor of d and 5?
5
Suppose -5 - 7 = -2*d + 2*p, 4*p = -d + 1. Let y = d - 2. Suppose 6*m - 7 - 11 = 0. Calculate the highest common divisor of m and y.
3
Suppose 19*s + 90 = 20*s. Calculate the highest common divisor of 9 and s.
9
Let v = -1 + 3. Suppose 2*y - p + 2*p - 31 = 0, 0 = v*y - 4*p - 56. What is the greatest common factor of y and 27?
9
Let m(c) = 4*c + 6. Let w be m(-4). Let x be 2/(-5) - 114/w. Let q = 18 - x. What is the highest common factor of q and 28?
7
Let p = 33 + -30. Let g = 2 - 1. Let u be p - 2/g - 0. What is the greatest common divisor of 4 and u?
1
Suppose h = 68 + 75. What is the highest common factor of 13 and h?
13
Let d be -4 + (-3 - -41) + -1. What is the greatest common factor of d and 22?
11
Let a be 952/49 - (-8)/14. Let w(n) = n + 4. Let q be w(4). Calculate the greatest common factor of a and q.
4
Let z be 10*1 - -1 - 0. Let i be 20/(-4)*(-2)/5. Suppose l - i = -l. Calculate the greatest common factor of l and z.
1
Let h be -4 - -1 - 19/(-1). Let x = -42 - -74. Calculate the greatest common factor of x and h.
16
Let v be (-4)/(-18) - 168/27. Let q be (v/4)/(1/(-48)). Suppose g = 5*g - q. Calculate the greatest common divisor of g and 90.
18
Let t = 4 - 3. Suppose c - t + 0 = 0. What is the highest common divisor of c and 1?
1
Let z(b) = b**3 + 4*b**2 - 8*b - 5. Let r be z(-5). Suppose 3*c - 2*c = r. Let k = c + 6. What is the highest common divisor of k and 112?
16
Let k = -51 - -57. Calculate the greatest common factor of k and 18.
6
Let f = 33 + -24. Let u = 1 + -1. Let a be -1*(-1 + (-2 - u)). Calculate the greatest common factor of a and f.
3
Let s(t) = -2*t - 8. Let k be s(-6). Let l(p) = -p**3 + 6*p**2 - 2. Let b be l(k). Let z = -16 + b. Calculate the greatest common factor of 28 and z.
14
Let s = 25 + -7. Let y(k) = -3 + 27*k**2 + 0 + 3 + 1 + k. Let l be y(-1). Calculate the highest common factor of s and l.
9
Let l be (5/(-2)*-6)/1. Let h be (-515)/(-35) - (-6)/21. Calculate the greatest common factor of l and h.
15
Suppose 3*p - 2*p = 75. Calculate the highest common divisor of p and 25.
25
Let i = 20 + -8. Let l be (-1 + 43)/((-2)/(-4)). Calculate the highest common divisor of i and l.
12
Let t be -3 - (5 - 2 - 102). Suppose -4 - 32 = -3*b. What is the highest common divisor of t and b?
12
Let w(d) = d**2 - 2*d + 3. Let z be w(2). Calculate the greatest common divisor of z and 18.
3
Suppose 0 = 3*r - 2*j - 100, 4*j - 7 = -3*r + 81. Let n = -18 + r. Suppose -16 = 4*g, -4*g + g + 436 = 4*c. What is the greatest common factor of n and c?
14
Suppose 0*a - 4*a = 0. Suppose a = -4*s + 12. Let y = 21 + s. Calculate the highest common factor of y and 60.
1